?
2, 3, 13, 139
What are the prime factors of 2619?
3, 97
What are the prime factors of 1047?
3, 349
List the prime factors of 12389.
13, 953
List the prime factors of 639.
3, 71
What are the prime factors of 9275?
5, 7, 53
What are the prime factors of 3942?
2, 3, 73
List the prime factors of 2075.
5, 83
List the prime factors of 44739.
3, 1657
List the prime factors of 29562.
2, 3, 13, 379
What are the prime factors of 2353?
13, 181
What are the prime factors of 743?
743
What are the prime factors of 360?
2, 3, 5
List the prime factors of 44239.
13, 41, 83
What are the prime factors of 796?
2, 199
What are the prime factors of 8488?
2, 1061
List the prime factors of 9156.
2, 3, 7, 109
List the prime factors of 993.
3, 331
List the prime factors of 22407.
3, 7, 11, 97
List the prime factors of 1536.
2, 3
What are the prime factors of 733?
733
List the prime factors of 46804.
2, 11701
What are the prime factors of 4548?
2, 3, 379
List the prime factors of 1001.
7, 11, 13
List the prime factors of 12488.
2, 7, 223
What are the prime factors of 967?
967
What are the prime factors of 18033?
3, 6011
What are the prime factors of 678?
2, 3, 113
List the prime factors of 175.
5, 7
List the prime factors of 2507.
23, 109
What are the prime factors of 4684?
2, 1171
List the prime factors of 981.
3, 109
List the prime factors of 148472.
2, 67, 277
List the prime factors of 365.
5, 73
What are the prime factors of 373?
373
List the prime factors of 3865.
5, 773
What are the prime factors of 6724?
2, 41
List the prime factors of 302.
2, 151
List the prime factors of 10429.
10429
List the prime factors of 456.
2, 3, 19
What are the prime factors of 20896?
2, 653
List the prime factors of 1542.
2, 3, 257
What are the prime factors of 5919?
3, 1973
What are the prime factors of 1173?
3, 17, 23
What are the prime factors of 5934?
2, 3, 23, 43
What are the prime factors of 1356?
2, 3, 113
List the prime factors of 3271.
3271
List the prime factors of 6553.
6553
List the prime factors of 3674.
2, 11, 167
List the prime factors of 805.
5, 7, 23
List the prime factors of 7387.
83, 89
List the prime factors of 1095.
3, 5, 73
List the prime factors of 5318.
2, 2659
What are the prime factors of 2790?
2, 3, 5, 31
List the prime factors of 192.
2, 3
What are the prime factors of 308?
2, 7, 11
List the prime factors of 13417.
13417
What are the prime factors of 4964?
2, 17, 73
What are the prime factors of 419?
419
What are the prime factors of 5047?
7, 103
What are the prime factors of 1251?
3, 139
What are the prime factors of 708?
2, 3, 59
List the prime factors of 26844.
2, 3, 2237
List the prime factors of 1000.
2, 5
List the prime factors of 16430.
2, 5, 31, 53
What are the prime factors of 379?
379
What are the prime factors of 22113?
3, 7, 13
List the prime factors of 6080.
2, 5, 19
List the prime factors of 1927.
41, 47
What are the prime factors of 140133?
3, 7, 6673
List the prime factors of 183.
3, 61
List the prime factors of 2673.
3, 11
List the prime factors of 464.
2, 29
List the prime factors of 2825.
5, 113
List the prime factors of 1509.
3, 503
What are the prime factors of 205?
5, 41
What are the prime factors of 1097?
1097
What are the prime factors of 26628?
2, 3, 7, 317
What are the prime factors of 71?
71
What are the prime factors of 1585?
5, 317
What are the prime factors of 961?
31
List the prime factors of 6808.
2, 23, 37
What are the prime factors of 20650?
2, 5, 7, 59
List the prime factors of 2054.
2, 13, 79
List the prime factors of 780.
2, 3, 5, 13
What are the prime factors of 773?
773
List the prime factors of 862.
2, 431
What are the prime factors of 4221?
3, 7, 67
What are the prime factors of 1604?
2, 401
List the prime factors of 39985.
5, 11, 727
List the prime factors of 12299.
7, 251
List the prime factors of 26682.
2, 3, 4447
List the prime factors of 75.
3, 5
List the prime factors of 14163.
3, 4721
What are the prime factors of 1715?
5, 7
What are the prime factors of 6415?
5, 1283
List the prime factors of 17377.
17377
What are the prime factors of 392?
2, 7
What are the prime factors of 3549?
3, 7, 13
What are the prime factors of 77585?
5, 59, 263
What are the prime factors of 21?
3, 7
List the prime factors of 252.
2, 3, 7
What are the prime factors of 5691?
3, 7, 271
What are the prime factors of 1100?
2, 5, 11
What are the prime factors of 3862?
2, 1931
List the prime factors of 3784.
2, 11, 43
List the prime factors of 4772.
2, 1193
What are the prime factors of 43135?
5, 8627
List the prime factors of 13400.
2, 5, 67
List the prime factors of 1376.
2, 43
What are the prime factors of 24790?
2, 5, 37, 67
List the prime factors of 1448.
2, 181
What are the prime factors of 511?
7, 73
List the prime factors of 173964.
2, 3, 7, 19, 109
List the prime factors of 21574.
2, 7, 23, 67
List the prime factors of 25246.
2, 13, 971
What are the prime factors of 485?
5, 97
What are the prime factors of 11747?
17, 691
What are the prime factors of 2519?
11, 229
List the prime factors of 8948.
2, 2237
What are the prime factors of 21461?
11, 1951
What are the prime factors of 155359?
43, 3613
List the prime factors of 980.
2, 5, 7
What are the prime factors of 1367?
1367
List the prime factors of 77379.
3, 25793
List the prime factors of 1237.
1237
List the prime factors of 5572.
2, 7, 199
List the prime factors of 36153.
3, 13, 103
List the prime factors of 70386.
2, 3, 11731
List the prime factors of 99513.
3, 11057
What are the prime factors of 78?
2, 3, 13
List the prime factors of 13247.
13, 1019
List the prime factors of 1926.
2, 3, 107
What are the prime factors of 5234?
2, 2617
List the prime factors of 1067.
11, 97
List the prime factors of 4668.
2, 3, 389
List the prime factors of 5615.
5, 1123
What are the prime factors of 20526?
2, 3, 11, 311
What are the prime factors of 1153?
1153
What are the prime factors of 10883?
10883
What are the prime factors of 2167?
11, 197
What are the prime factors of 7594?
2, 3797
What are the prime factors of 14591?
14591
List the prime factors of 78638.
2, 7, 41, 137
List the prime factors of 2476.
2, 619
What are the prime factors of 825?
3, 5, 11
What are the prime factors of 1568?
2, 7
What are the prime factors of 2592?
2, 3
What are the prime factors of 15516?
2, 3, 431
What are the prime factors of 2911?
41, 71
What are the prime factors of 31763?
23, 1381
List the prime factors of 52448.
2, 11, 149
What are the prime factors of 1393?
7, 199
List the prime factors of 472.
2, 59
What are the prime factors of 1176?
2, 3, 7
List the prime factors of 29682.
2, 3, 17, 97
List the prime factors of 43616.
2, 29, 47
What are the prime factors of 18439?
18439
What are the prime factors of 45773?
7, 13, 503
What are the prime factors of 480?
2, 3, 5
List the prime factors of 926.
2, 463
What are the prime factors of 33468?
2, 3, 2789
List the prime factors of 47076.
2, 3, 3923
List the prime factors of 56181.
3, 61, 307
What are the prime factors of 11652?
2, 3, 971
What are the prime factors of 8397?
3, 311
What are the prime factors of 240?
2, 3, 5
List the prime factors of 5291.
11, 13, 37
What are the prime factors of 2946?
2, 3, 491
What are the prime factors of 10200?
2, 3, 5, 17
What are the prime factors of 12564?
2, 3, 349
List the prime factors of 1580.
2, 5, 79
What are the prime factors of 2706?
2, 3, 11, 41
What are the prime factors of 11576?
2, 1447
List the prime factors of 2970.
2, 3, 5, 11
What are the prime factors of 1804?
2, 11, 41
List the prime factors of 120788.
2, 30197
List the prime factors of 186383.
29, 6427
What are the prime factors of 17540?
2, 5, 877
List the prime factors of 992.
2, 31
What are the prime factors of 12313?
7, 1759
What are the prime factors of 17332?
2, 7, 619
List the prime factors of 8138.
2, 13, 313
List the prime factors of 1109.
1109
List the prime factors of 524.
2, 131
What are the prime factors of 3059?
7, 19, 23
What are the prime factors of 539?
7, 11
What are the prime factors of 1303?
1303
List the prime factors of 4817.
4817
List the prime factors of 1149.
3, 383
List the prime factors of 28546.
2, 7, 2039
List the prime factors of 2442.
2, 3, 11, 37
What are the prime factors of 10990?
2, 5, 7, 157
What are the prime fact